 Let o(z) = 5*s(z) - 7*t(z). Calculate o(-3).
14
Let b(n) = 126 - 126 - 2*n. Let f = 5 - 3. Suppose 0 = -4*w - 2*p - f, w + 3*p + p = 3. Calculate b(w).
2
Let x(j) be the first derivative of -j**4/4 + 4*j**3/3 - 3*j**2/2 + 9*j - 166. Give x(4).
-3
Let d be (0/(2/1))/(-1). Suppose -2*l = c - 33, -2*l + 3*c + 21 = -d*l. Let w be l + -12 + 4/(-1). Let o(h) = 6*h. Determine o(w).
-6
Let q(g) be the first derivative of -g**3/3 - 7*g**2/2 + g + 3395. Let t(a) = -2*a**2 - 3*a + 4. Let u be t(-3). Determine q(u).
11
Let p(t) = -1 + 6*t - t - 5*t - 6*t. Calculate p(-2).
11
Let r(t) = -5*t**3 - t**2 - t + 1. Suppose -3*o - 48 = o. Let k = o + 13. Let j = 0 + k. Determine r(j).
-6
Let m(x) = -x**3 - 70*x**2 - 70*x - 76. Let q be m(-69). Let t(r) = r**3 + 6*r**2 - 11*r - 6. Determine t(q).
22
Let r = 30 - 18. Suppose 0 = -o + 5*j + 20, -4*o + 3*j = -2*o - r. Suppose x + 2 + 5 = o. Let t(n) = n + 6. Calculate t(x).
-1
Let v(y) = 589 - 295 - 293 - 4*y. Give v(3).
-11
Let m(q) be the second derivative of q**5/60 + q**4/4 + 19*q**2 - 9*q. Let k(h) be the first derivative of m(h). Calculate k(-8).
16
Let j(i) = 6 + 2*i**3 - 4*i**2 + 3 + 7*i - 3*i**3 - 3. Suppose 3*a - 5*c + 40 = -10*c, 4*c = -5*a - 45. Determine j(a).
-4
Let a(j) = j**2 - 2. Let h be a(2). Suppose -3*n - 3*t + 0*t + 15 = 0, 4*n + h*t = 14. Suppose 2*o - 8 = 4*b - o, 0 = -n*o. Let f(w) = 2*w. Determine f(b).
-4
Let t(w) = -6*w**3 - 14*w**2 - 5*w + 2. Let v(b) = 7*b**3 + 17*b**2 + 6*b - 2. Let f(l) = -5*t(l) - 4*v(l). Let o = 4 + -6. Give f(o).
-12
Let x(w) = -6 + 11 - 8*w + 6*w - 7 - w**3 - 3*w**2. Determine x(-2).
-2
Let f(g) = g + 20. Let s be f(-13). Suppose -47 = s*u + 16. Let m(o) = o + 6. What is m(u)?
-3
Let z = 17 + -12. Let k(u) = -z - u + 0*u - 5*u - u**2 - u. Give k(-4).
7
Let c(k) = -4*k - 41. Let q = 935 - 946. What is c(q)?
3
Let q(u) be the third derivative of -1/60*u**5 + 1/8*u**4 + 0 - 10*u**2 + 4/3*u**3 + 0*u. What is q(6)?
-10
Let w(x) be the first derivative of x**4/4 - 2*x**3 - x**2 + 4*x - 65. Determine w(6).
-8
Let x = -2 + -4. Let p(t) be the first derivative of t**4/4 + 7*t**3/3 + 5*t**2/2 - 7*t - 197. What is p(x)?
-1
Let m(r) = -r**3 + 4*r**2 + 6*r - 1. Let h be ((-3)/6)/(-3 + 184/64). What is m(h)?
23
Let g(p) = p + 39. Let o be g(-12). Suppose 4*b + c + o = 0, b + 10 = -2*c - 2. Let f(z) = -z**2 - 4*z + 5. Give f(b).
-7
Let j(m) = 28*m + 39. Let v be j(-4). Let w = v - -68. Let k(c) = c**3 + 6*c**2 + 3*c - 3. Calculate k(w).
7
Let n(b) = 8*b - 5. Let r be n(2). Let g = -15 + r. Let d(x) = -x**3 - 3*x**2 + 5*x + 5. Calculate d(g).
1
Let v(i) = -i**2 + 9*i + 11. Suppose 2*p + 3*p - 50 = -2*b, -5*p - 3*b = -50. Let m be v(p). Let h(q) = 2*q - 1. What is h(m)?
1
Suppose -17*v - 140 = -22*v. Suppose 5*j = 2 + v. Let k(n) = n**3 - 6*n**2 - n. Determine k(j).
-6
Suppose 4*c - 5*c - 5*l = 0, 0 = 4*c + l - 38. Suppose -4*i = -c*i + 42. Let b(k) = -2*k + 3. Determine b(i).
-11
Suppose -23*b = -28*b. Let x(s) = -s**2 - 3*s + 9. What is x(b)?
9
Let x(w) = w**2 - 2*w - 1. Let o(a) = a**2 - 4*a - 3. Let s(l) = -3*o(l) + 7*x(l). Let q be 8/(-6)*6/(-4). Calculate s(q).
14
Let z(t) be the third derivative of t**4/6 - 10*t**3/3 - 7*t**2 - 33*t. Give z(7).
8
Let h(o) = o**3 + 3*o**2 + o - 3. Let m be (-16)/20*(-155)/(-62). Give h(m).
-1
Suppose 0 = -5*a + 8*a + 114. Let t = 16 + a. Let s be t/(-6) - (-14)/(-21). Let f(k) = k**3 - 3*k - 3. Determine f(s).
15
Let x(a) = 14*a**2 - 19*a - 26. Let s(u) = 5*u**2 - 7*u - 9. Let t(c) = 11*s(c) - 4*x(c). Calculate t(4).
-15
Let q(h) = -h + 1. Let w = -27 - -26. Let g be (42/28)/(0 + w/2). What is q(g)?
4
Suppose 0 = -s + 6*s - 75. Suppose -s = 2*p - 7. Let b(u) = 2*u**2 + 4*u + 3. Calculate b(p).
19
Let d(f) = f**3 - 12*f**2 + 2*f - 17. Let i(a) = -4*a + 24. Let g be i(3). Give d(g).
7
Let c be (-9)/(-27)*3/(-1). Let a(o) = 18*o**2 + 1. Give a(c).
19
Let h(f) = 2*f**3 - f**2 - 3*f - 3. Let l(p) = 8*p - 8. Let b be l(2). Suppose 4 = -6*w - b. Calculate h(w).
-17
Let b(r) = 7*r**2 - 1. Suppose 3*s = -5*n - 1, 4*n - 7*n = 2*s + 1. Determine b(n).
6
Suppose 23 = 5*b - 3*l, -3*b = 2*l - 7 - 3. Let n(y) = -4 + 2 - 4 + b - 2*y. Determine n(-7).
12
Let g(k) be the first derivative of -k**4/4 + 2*k**2 + k - 157. Give g(-3).
16
Let p(b) be the second derivative of -3*b**5/20 - b**4/6 + b**3/3 - b**2/2 + 78*b. Determine p(1).
-4
Let c(r) be the first derivative of -r**3/3 - 3*r**2/2 - 2*r - 413. Give c(-1).
0
Let o be -5 + 2 + (-2 - -14). Let a be (3/o)/(4/(-24)). Let i(p) = 3 - p + 5 - 9 + 2*p**2. Give i(a).
9
Let z(i) be the first derivative of i**4/12 - i**3/3 - 2*i**2 + i + 2. Let o(w) be the first derivative of z(w). Let b be ((-80)/10)/(-2)*1. Give o(b).
4
Let f(w) = -8*w**2 + 3*w. Let l(s) = -4*s**2 + s. Let t(z) = -2*f(z) + 5*l(z). Determine t(-1).
-3
Let d(b) = -b + 7. Let i(k) = k - 8. Let l(f) = -6*d(f) - 5*i(f). Let z be -2 + 0 + 1 - 7. Let m = z - -14. Calculate l(m).
4
Let p be (-8)/10*(-35)/(-14). Let q(t) = t + 1. Let f be (-2)/(((-10)/(-4))/5). Let d(c) = -5*c - 5. Let s(h) = f*q(h) - d(h). Determine s(p).
-1
Let o(n) = -6*n - n**2 + 3*n - 2*n + 2. Suppose -14 = 2*r + 2*g, r + 2 = 3*g + 3. Give o(r).
2
Let r = 1 + 1. Let m = -39 + 41. Let h(k) = 4*k**m + 2*k + 0 + k**3 - 7*k**r + 2. What is h(2)?
2
Let b(g) = -1 - 4810*g**3 + 4*g - 5*g + 4805*g**3. Give b(-2).
41
Let t(z) = z + 7. Let w be t(-3). Let f(d) = -d**2 - 18*d + 12*d + 12*d - 2 - 1. Calculate f(w).
5
Let o(q) = q**3 + 8*q**2 + q + 4. Suppose 5*x = -t + 12, 6*t - 5*t - 3*x + 20 = 0. Give o(t).
-4
Let a(q) = -6*q - 11. Suppose 20 = -n + 2*v - 5*v, -25 = 3*n + 2*v. Determine a(n).
19
Let s(x) = 3*x - 1. Let v be s(1). Let r(t) = -4 - 3 + 4 + 4*t - 5*t**2 + 4*t**v. Let q(y) = y**2 - 9*y - 18. Let k be q(11). Determine r(k).
-3
Let u(i) be the third derivative of i**5/60 + i**4/12 + i**3/6 - 4*i**2 + 6. Determine u(-5).
16
Let w = -25 - -18. Let m(g) be the first derivative of -2*g**3 - 3*g - 1/4*g**4 + 3*g**2 - 8. Give m(w).
4
Let o = -21 + 23. Let c(s) = -1 + 2 + 0 + s**3 - 4*s - s**o. What is c(3)?
7
Suppose 2 = -2*a + 6. Suppose -a*k = -4*j - 22, 0 = k + 2*j + 3*j + 17. Let b(g) = -2 + g**3 + k + 6*g**3. What is b(1)?
8
Let k be (1/(-7))/((-140)/245). Let s(w) be the second derivative of 1/20*w**5 + 2*w + 0 + 0*w**2 + 2/3*w**3 + k*w**4. Calculate s(-3).
-12
Let b(y) = 2*y**2 - 20*y + 4. Suppose -407*w - 90 = -416*w. Give b(w).
4
Let a(i) = -i**2 - 13*i - 22. Let p be a(-9). Let x be -7 + p + -1*4. Let v(b) = -1 + 3 + 3*b**x + 0*b**3 - b**2 - 2*b**3. Determine v(0).
2
Let w(g) = 2*g - 10. Let k(n) = 3*n + 8. Let i be k(-1). Let c(u) = u - 5. Let t(z) = i*c(z) - 3*w(z). Determine t(3).
2
Let q(a) = a + 3 + 2 + 3 - 6. Suppose 2*l = -2*l + 56. Let z = -20 + l. Determine q(z).
-4
Let c(o) = -o**2 - o - 1. Let v(p) = -p**2 - 3*p - 9. Let m(k) = -2*c(k) + v(k). Let h = 5335 - 5330. Give m(h).
13
Suppose -43*i + 24 = -46*i. Let n(m) = m**3 + 8*m**2 + 6. Determine n(i).
6
Let z(d) = -d**3 + 13*d**2 - 11*d - 15. Let x be 2 + 5 + (-35)/(-7). Determine z(x).
-3
Let p(m) = -10*m - 1. Let n(q) = q - 13. Let c be n(12). Calculate p(c).
9
Suppose -5*g - 4 = -3*z - g, 26 = 4*z + 5*g. Let q(v) = -4*v - 1. Let m(l) = 5*l - 1. Let h(c) = 2*m(c) + 3*q(c). Determine h(z).
-13
Let i be 4 - 1 - (-14 + 15). Let j(s) = 0*s**2 + 0*s + s - s**2 - i - 6*s. Determine j(-6).
-8
Let f(o) = -45*o + 19. Let t(h) = 12*h - 5. Let u(r) = 6*f(r) + 22*t(r). Calculate u(-5).
34
Suppose -2*q + 85 = 89. Let i(l) = -l + 1. What is i(q)?
3
Let x be -1 + 3 + (3 - (1 - -2)). Let z(o) = 4*o**2 - 7*o + 2*o**x + o**3 - 3*o**2 - 4 + 2*o**2. What is z(-6)?
2
Suppose -3*b + 18 = -0*b + 3*m, -2*m + 6 = -b. Suppose b*i + 36 = -4*i. Let r(u) = u - 2. Give r(i).
-8
Let y(d) be the first derivative of -d**5/20 + d**4/12 + 9*d**2/2 + 7*d + 18. Let c(q) be the first derivative of y(q). Calculate c(0).
9
Let v(r) be the first derivative of -r**5/120 + r**4/6 + 7*r**3/3 - 2. Let n(x) be the third derivative of v(x). Determine n(6).
-2
Let b(r) = -2*r + 9. Suppose 0 = -3*x + 5*l, -x + 5*l - 3*l = 1. What is b(x)?
-1
Let k(o) be the second derivative of -o**3/6 + o**2/2 - 2*o. Suppose 327*v = 332*v + 25. Calculate k(v).
6
Let c(a) be the first derivative of -a**3/3 + 11*a**2/2 + 20*a - 661. Determine c(12).
8
Let g(o) = -2*o - 1. Let h